*n**2/2 + 3*n. Let d(f) = -f - 1. Let o(g) = 4*d(g) + z(g). Let j be (2/5)/(7/(-70)). Give o(j).
-5
Let f be 15/(-17) + 6/(-51). Let m(q) = -1 - 2*q - 11*q - q. What is m(f)?
13
Let u(c) be the third derivative of -c**4/24 + 5*c**3/3 - 5*c**2. Let k be u(7). Let i(s) = -2*s + 1. Give i(k).
-5
Let k(p) = p**3 - 5*p**2 + 0 + 5*p + 4 - 5 + 5. What is k(4)?
8
Let y(b) = b**2 + 1. Let p(w) = -5*w**2 + 6*w - 7. Let g(m) = -p(m) - 3*y(m). Give g(4).
12
Let u(y) = 3*y**3 - 35*y**2 - 8. Let q(o) = -o**3 + 12*o**2 + 3. Let f(a) = 17*q(a) + 6*u(a). What is f(6)?
3
Let h(x) = -x**3 - 3*x**2 - 2*x + 1. Let w = 10 + -11. Let k be 6/w*3/9. Determine h(k).
1
Suppose -5*g - 10 = 3*v, -v + 3*g = -1 - 5. Suppose -3*r = -v*r - 3. Let q(c) = 7*c**3 - 2*c**2 + 2*c - 1. Determine q(r).
6
Let u(k) = -2*k**3 + 13*k**2 + 19*k - 12. Let c(n) = 3*n**3 - 19*n**2 - 28*n + 18. Let v(h) = 5*c(h) + 7*u(h). Determine v(5).
-4
Suppose 2*c = 2*n - c + 7, 4*c = 3*n + 11. Let y(l) = l + 5. Give y(n).
0
Suppose -2 + 7 = 5*v. Let a(r) be the first derivative of -2*r + 4*r**2 - 4 + 3*r - r. Calculate a(v).
8
Let d(q) = 1 - 47*q + 0 - 4 + 46*q. Determine d(6).
-9
Let x(c) be the third derivative of c**4/24 + 4*c**3/3 + c**2. Give x(0).
8
Let a(w) = -8*w - 5. Let p(f) = -1. Let q(i) = -a(i) + 6*p(i). Suppose 3*o + 3 = 6*o. Suppose j = 2*j + o. Give q(j).
-9
Let t be (28/(-35))/(1/(-5)). Let d(y) be the first derivative of -y**5/120 - 2*y**3/3 - 2. Let w(h) be the third derivative of d(h). Calculate w(t).
-4
Let u = -5 - -9. Suppose -u = 2*s - 14. Suppose p - x + 10 = -6*x, 0 = -p + s*x. Let j(f) = f**2 + 5*f + 3. Calculate j(p).
3
Suppose 3*m - 18 = -6. Suppose -m*i + 6 = -5*t, t = 3*i + 2*i + 3. Let r(x) = 3*x**2 + 2*x + 2. Give r(t).
10
Suppose 2 = k + 3. Let n(t) be the third derivative of -t**6/60 + t**5/60 - t**4/24 - t**3/6 - 62*t**2. Determine n(k).
3
Let y(k) = -2*k - 56 - k**2 - 61 + 114. What is y(-4)?
-11
Let r(i) = 6*i + 2. Let d(h) = -7*h - 3. Let w(u) = -4*d(u) - 5*r(u). Suppose -5*z = -20 - 5. Give w(z).
-8
Suppose -13*q = -q - 12. Let w(z) = 6*z**2 + z. Calculate w(q).
7
Let n(l) = -l**3 + 4*l**2 + 3*l - 2. Let q = -3 - -3. Suppose q*t = 4*t - 16. Determine n(t).
10
Let f(a) be the third derivative of -a**4/24 + 25*a**3/6 - 3*a**2. Let c be f(0). Suppose -2*p - 3*p + c = 0. Let x(g) = g**2 - 6*g - 5. What is x(p)?
-10
Let k(i) = -4*i + 2*i**2 + 10 - 6 - 2*i**2 + i**2. Give k(5).
9
Let q(b) = -175*b**2 + 5 - b**3 + 177*b**2 - b**3 - 4 - 3*b. Give q(2).
-13
Let p(q) = 2*q**3 + q**2 + 5*q + 1. Let f(k) = 5*k**3 + 3*k**2 + 10*k + 3. Let w(y) = 3*f(y) - 7*p(y). Give w(-4).
-10
Let x(s) = -5*s**3 + 2*s**2 - 2*s + 1. Suppose 46 = 2*n - 2. Suppose 0 = 2*o - 0*o + 4*q - n, -3*q + 25 = 5*o. Suppose 2*c = -0 + o. Calculate x(c).
-4
Let q(y) = -y + 7. Let h be (12/(-14))/((-5)/35). Determine q(h).
1
Suppose 8 = 3*m - 7*m. Let g(l) = l**3 + 1. Determine g(m).
-7
Let l(d) = 2*d + 2 + 0*d + 2*d - d**2 - 6*d. Give l(-4).
-6
Suppose -29 = -7*q + 6. Let j = 4 + 0. Let r(u) = -5*u + 4*u - q*u + 3 + j*u. Determine r(3).
-3
Let x(p) = p. Let k(a) = -4*a + 1. Let s(l) = -k(l) - 3*x(l). Let c = -8 - -7. Give s(c).
-2
Let p(v) = v**3 + v**2 - v - 1. Let m be 4/(-10) - (-3)/(-5). What is p(m)?
0
Suppose 0 = 4*q + 3*x - 10 - 1, 0 = -4*q - 4*x + 16. Let t(o) = -o**3 + o. Let a(n) = -6*n**3 + n**2 + 5*n + 1. Let z(u) = -a(u) + 4*t(u). Give z(q).
-3
Let n(q) = q - 3. Let a = 1 + -1. Suppose a = 2*v - 10 - 10. Let d = v + -5. What is n(d)?
2
Let z(j) = -j + 2. Suppose 0*y - 2*y = 2*r + 6, r = -3. Determine z(y).
2
Let s(h) = 3*h - 15. Let g(k) = -5*k + 23. Let i(r) = 5*g(r) + 8*s(r). Let b be (-204)/10 - (-6)/(-10). Let l = b + 16. Calculate i(l).
0
Let w(p) = -p**3 - 7*p**2 - 2*p - 10. Let u be w(-7). Let g(j) = -j**2 - 2 - 1 - 2 + u*j. Suppose -3*q = q - 16. Determine g(q).
-5
Let b(u) = u + 1. Let j = -4 + 13. Let v = -6 + j. Determine b(v).
4
Suppose -m + 6 = 2*m. Let u(t) be the third derivative of -1/2*t**3 + 0*t + 4*t**2 + 1/120*t**6 - 1/12*t**5 + 0 + 1/12*t**4. Give u(m).
-11
Let s be 2/6 - (-51)/9. Let w be -3 + -4*s/(-4). Suppose -w*q - 4 = q. Let t(v) = v. Give t(q).
-1
Let g(l) = l - 1. Let u(d) = 4*d - 4. Let z(n) = -n**2 - 1. Let v be z(1). Let r(a) = v*u(a) + 7*g(a). Determine r(2).
-1
Let c = 2 - 1. Let z(h) = c + 0 + 1 - 3*h. Calculate z(2).
-4
Let c(b) = b - 3. Let n(p) = p**3 - 6*p**2 + 2*p - 7. Let j be n(6). Let s be c(j). Let h(w) = 3*w**2 + s*w**2 - 14 - 4*w**2 + 2. What is h(0)?
-12
Let b(h) = -h**2 + h. Let s(w) = w**3 + 2*w**2 - 3*w - 3. Let v(m) = -3*b(m) - s(m). Let x(j) = 1 + 6*j - j - 5 - j**2. Let n be x(4). Give v(n).
3
Let h(b) = -2*b**2 + 3*b - 1. Let p be h(3). Let l be 2*(p/(-4) + -1). Let k(w) = -l + 4 - 2*w**2 + 1. Give k(2).
-6
Let r(k) be the second derivative of -5/2*k**2 + 0 + 1/6*k**3 + k. Let i be (-1 - 0 - 1) + 2. Give r(i).
-5
Let m be 6 - (1 + 3 + -1). Suppose 2*v + m*k = -2*v - 6, -5*v = -k - 2. Let f(r) = r**3 - r**2 + 4. Calculate f(v).
4
Let t(x) = -x. Let k be (-6)/3 - (0 - 12). Let c be k/4 + 4/8. Suppose 5*o + 5*f = 15, c*o + 2*f = 5*f + 3. Determine t(o).
-2
Let z = -16 - -25. Let x(t) = -18*t + 1 + 11*t + z*t. Calculate x(2).
5
Let o(b) be the first derivative of -b**2 + 4*b - 1. Let y be (-27)/(-12) - (-3)/4. Suppose y*h = 2*h - 3. Give o(h).
10
Let s(m) = 38 + 8*m - 64 + m**2 + 28. Give s(-7).
-5
Suppose -10*r - 9 = -13*r. Let a(u) = -u - 2. Give a(r).
-5
Suppose 3*h - 4*y + 13 = 0, 2*h + 7 = -3*y + 4*y. Let z be (-9)/3 + h + 7. Let u(n) = -6*n**3 + 1. Calculate u(z).
-5
Let q(l) be the first derivative of 1/2*l**2 + 2 + l. Give q(-5).
-4
Let u(q) = q**3 - q + 12. Let f be (1 - 3)*2/4. Let z = 1 + f. What is u(z)?
12
Let q(w) = 3*w**3 - 2*w**2 + 2*w - 1. Let b(j) be the first derivative of j**3/3 - 2*j**2 + j - 1. Let m = 0 - -4. Let i be b(m). Determine q(i).
2
Let l(n) = -7 + n - 5*n + n + 4*n. Give l(0).
-7
Let z = 7 - 4. Let c(n) = -n**2 + 3*n + 4. Give c(z).
4
Let u(g) = -7*g - 2. Let y(d) = -d - 1. Let z = 3 - 2. Let p(r) = z*u(r) - 3*y(r). Determine p(-1).
5
Let c = 14 + -17. Let i = 5 - 0. Let a(w) = 0*w - i*w + 6*w. Determine a(c).
-3
Let o = 90 + -96. Let x(g) = -g**2 - 3*g + 3. Give x(o).
-15
Let t(z) be the third derivative of z**4/24 + 2*z**3/3 - 11*z**2. Let y(d) = -d + 7. Let r be y(4). Give t(r).
7
Let z(i) = -i**3 + 7*i**2 - 8*i + 9. Suppose u + 3*p + 39 = -4*u, 2*u = -5*p - 8. Let c = 15 + u. Calculate z(c).
-3
Let i(j) = j - 11. Let o = 117 - 107. What is i(o)?
-1
Suppose 2*m - 3*l + 3 = 4*m, 0 = -4*m - l + 11. Let h(k) = m*k**2 - 5 + 4 + 3 + 4*k. What is h(-2)?
6
Let m(d) = d**2 - 4 - 4*d**2 + 3. What is m(1)?
-4
Let a = -5 + 1. Let s(t) = -t - 1. What is s(a)?
3
Let k(d) = -d + 0*d**2 - 7 + 4*d - 4*d**2 - d**3. Let b(x) = x**2 + 16*x - 22. Let t be b(-17). Give k(t).
3
Let d = 10 - 8. Let n(z) = 3*z + 2. What is n(d)?
8
Let u(p) = -2 + 1 + 49*p - 50*p + 2. Give u(-1).
2
Let a(v) = v**3 - 5*v**2 + v - 2. Let z be 1 + 2 - 2 - -4. Determine a(z).
3
Suppose 3*h + 2*d - 42 = 0, -5*h + d + 4*d + 70 = 0. Suppose -16 = 2*k + 4*x, -k + 2*x - h = 6*x. Let l(i) = -2*i - 3. What is l(k)?
1
Let j(a) = a**2 - a + a - 5*a**3 - 1 + 2*a + 4*a**3. What is j(-2)?
7
Let j(w) = w**3 + 2*w**2 - 6. Let c be j(0). Let i(n) = 2*n + 8. Determine i(c).
-4
Let r = 9 - -1. Suppose 0 = 5*m + r. Let y(n) = -5*n**2 + 11*n + 6. Let f(s) = -3*s**2 + 6*s + 3. Let t(v) = 7*f(v) - 4*y(v). Give t(m).
-3
Let d(c) = 2*c**2 + 2*c + 2. Let f(l) = -5*l**2 - 4*l - 3. Let q(a) = -7*d(a) - 3*f(a). Suppose 5*y - 32 = -3*y. Give q(y).
3
Let f(n) = 6 + 9 - n - 4. Give f(9).
2
Let m(u) = 2*u**2 + 3*u + u**2 - 2 + 6 + u**3 + 0*u**3. Suppose 4*o - 36 - 12 = 0. Suppose -v - o = 3*v. Give m(v).
-5
Let y(j) = j**3 + 4*j**2 - j - 1. Let v = 11 + -5. Let n = 2 - v. Give y(n).
3
Suppose v - 2*v = 35. Let l be 54/10 + 14/v. Let h(w) = -l*w + 6*w**2 - 2*w**2 - 2 - w**3 + w**2 + 0*w. Calculate h(4).
-6
Let h(z) = -z + 12. Let x be h(6). Suppose x*v - v = 0, -2*c = 5*v + 2. Let u(y) = -8*y + 1. What is u(c)?
9
Let t(p) = -p**2 - 7*p - 8. Suppose -8*i - 12 - 36 = 0. Give t(i).
-2
Suppose -5*l + 27 = 2. Let h(t) be the third derivative of 1/120*t**6 + 1/2*t**3 + 0 - t**2 - 1/6*t**4 - 1/15*t**l + 0*t. What is h(5)?
8
Let o(h) = 10*h**3 + 31*h**2 - 6*h - 11. Let l(q) = -3*q**3 - 10